{"id":69,"date":"2020-01-27T08:05:29","date_gmt":"2020-01-27T08:05:29","guid":{"rendered":"https:\/\/demosites.io\/web-agency-gb\/?page_id=69"},"modified":"2025-08-21T14:58:05","modified_gmt":"2025-08-21T14:58:05","slug":"mes-competences","status":"publish","type":"page","link":"https:\/\/alterdv.fr\/?page_id=69","title":{"rendered":"Les types de services"},"content":{"rendered":"\n<div class=\"wp-block-cover alignfull has-medium-font-size\" style=\"min-height:200px;aspect-ratio:unset;\"><span aria-hidden=\"true\" class=\"wp-block-cover__background has-nv-site-bg-background-color has-background-dim-100 has-background-dim\"><\/span><div class=\"wp-block-cover__inner-container is-layout-flow wp-block-cover-is-layout-flow\">\n<div class=\"wp-block-group\"><div class=\"wp-block-group__inner-container is-layout-flow wp-block-group-is-layout-flow\">\n<h1 class=\"wp-block-heading has-text-align-left has-neve-text-color-color has-text-color\" style=\"text-transform:none\">Vos besoins, mes possibilit\u00e9s<\/h1>\n<\/div><\/div>\n<\/div><\/div>\n\n\n\n<div class=\"wp-block-cover alignfull\" style=\"min-height:450px;aspect-ratio:unset;\"><span aria-hidden=\"true\" class=\"wp-block-cover__background has-nv-site-bg-background-color has-background-dim-100 has-background-dim\"><\/span><div class=\"wp-block-cover__inner-container is-layout-flow wp-block-cover-is-layout-flow\">\n<div class=\"wp-block-group\"><div class=\"wp-block-group__inner-container is-layout-flow wp-block-group-is-layout-flow\">\n<h2 class=\"wp-block-heading has-text-align-center has-nv-dark-bg-color has-text-color\">Ce que je propose<\/h2>\n<\/div><\/div>\n\n\n\n<div class=\"wp-block-columns alignwide is-layout-flex wp-container-core-columns-is-layout-9d6595d7 wp-block-columns-is-layout-flex\">\n<div class=\"wp-block-column has-nv-site-bg-color has-text-color has-background has-link-color wp-elements-94ec2dffe73fcf0858924c0dc268553f is-layout-flow wp-block-column-is-layout-flow\" style=\"background-color:#f5a523;padding-top:2em;padding-right:2em;padding-bottom:2em;padding-left:2em\">\n<h4 class=\"wp-block-heading has-nv-site-bg-color has-text-color\" id=\"single\"><strong>adapter quoi<\/strong> ?<\/h4>\n\n\n\n<p class=\"has-nv-site-bg-color has-text-color has-normal-font-size\" style=\"line-height:1.5\"><strong>Tout est possible (ou presque !)<\/strong><\/p>\n\n\n\n<hr class=\"wp-block-separator has-text-color has-nv-site-bg-color has-alpha-channel-opacity has-nv-site-bg-background-color has-background is-style-wide\"\/>\n\n\n\n<ul class=\"wp-block-list has-nv-site-bg-color has-text-color\">\n<li>Ouvrages techniques<\/li>\n\n\n\n<li>Cours et supports scolaires<\/li>\n\n\n\n<li>Guides touristiques\/culturels<\/li>\n\n\n\n<li>Litt\u00e9rature\/lecture de loisirs<\/li>\n\n\n\n<li>Documents commerciaux<\/li>\n\n\n\n<li>Rapports professionnels<\/li>\n<\/ul>\n<\/div>\n\n\n\n<div class=\"wp-block-column has-neve-text-color-color has-text-color has-background has-link-color wp-elements-868132bd6f24f9e94ccc33bb72ad649d is-layout-flow wp-block-column-is-layout-flow\" style=\"background-color:#bb2649;padding-top:2em;padding-right:2em;padding-bottom:2em;padding-left:2em\">\n<h4 class=\"wp-block-heading has-nv-site-bg-color has-text-color\" id=\"family\"><strong>pour qui ?<\/strong><\/h4>\n\n\n\n<p class=\"has-nv-site-bg-color has-text-color has-normal-font-size\" style=\"line-height:1.5\"><strong>Tous types de publics<\/strong><\/p>\n\n\n\n<hr class=\"wp-block-separator has-text-color has-nv-site-bg-color has-alpha-channel-opacity has-nv-site-bg-background-color has-background is-style-wide\"\/>\n\n\n\n<ul class=\"wp-block-list has-nv-site-bg-color has-text-color\">\n<li>Associations\/Administrations<\/li>\n\n\n\n<li>Universit\u00e9s\/\u00c9tablissements d&rsquo;enseignements<\/li>\n\n\n\n<li>\u00c9tudiants\/familles\/aidants<\/li>\n\n\n\n<li>Particuliers<\/li>\n\n\n\n<li>Offices de tourisme, mus\u00e9es&#8230;<\/li>\n\n\n\n<li>Ind\u00e9pendants\/PME-PMI<\/li>\n<\/ul>\n<\/div>\n<\/div>\n\n\n\n<div style=\"height:40px\" aria-hidden=\"true\" class=\"wp-block-spacer\"><\/div>\n<\/div><\/div>\n\n\n\n<div class=\"wp-block-cover alignfull\" style=\"min-height:450px;aspect-ratio:unset;\"><span aria-hidden=\"true\" class=\"wp-block-cover__background has-nv-light-bg-background-color has-background-dim-100 has-background-dim\"><\/span><div class=\"wp-block-cover__inner-container is-layout-flow wp-block-cover-is-layout-flow\">\n<div class=\"wp-block-group\"><div class=\"wp-block-group__inner-container is-layout-flow wp-block-group-is-layout-flow\">\n<div style=\"height:50px\" aria-hidden=\"true\" class=\"wp-block-spacer\"><\/div>\n\n\n\n<h2 class=\"wp-block-heading has-text-align-center has-text-color\" style=\"color:#f5a523\">Transcription et adaptation de documents\/supports<\/h2>\n\n\n\n<div class=\"wp-block-columns are-vertically-aligned-top is-layout-flex wp-container-core-columns-is-layout-9d6595d7 wp-block-columns-is-layout-flex\">\n<div class=\"wp-block-column is-vertically-aligned-top is-layout-flow wp-block-column-is-layout-flow\" style=\"flex-basis:50%\">\n<figure class=\"wp-block-image size-full is-resized is-style-default\"><img loading=\"lazy\" decoding=\"async\" width=\"600\" height=\"600\" src=\"https:\/\/alterdv.fr\/wp-content\/uploads\/2023\/03\/braille5-c.jpg\" alt=\"\" class=\"wp-image-695\" style=\"width:450px;height:450px\" srcset=\"https:\/\/alterdv.fr\/wp-content\/uploads\/2023\/03\/braille5-c.jpg 600w, https:\/\/alterdv.fr\/wp-content\/uploads\/2023\/03\/braille5-c-300x300.jpg 300w, https:\/\/alterdv.fr\/wp-content\/uploads\/2023\/03\/braille5-c-150x150.jpg 150w\" sizes=\"auto, (max-width: 600px) 100vw, 600px\" \/><\/figure>\n\n\n\n<div style=\"height:20px\" aria-hidden=\"true\" class=\"wp-block-spacer\"><\/div>\n\n\n\n<h4 class=\"wp-block-heading has-text-align-center has-text-color\" style=\"color:#bb2649\">Transcription Braille<\/h4>\n\n\n\n<p class=\"has-neve-text-color-color has-text-color\"><strong>En version num\u00e9rique (divers formats de fichiers) ou papier  (embossage), en int\u00e9gral ou abr\u00e9g\u00e9 dans tous les domaines : scolaire et parascolaire, litt\u00e9rature, magazines, guides touristiques&#8230;<br>Type de demandeurs: Particuliers, Administrations, \u00e9tablissements d&rsquo;enseignements, offices de tourisme, mus\u00e9es, \u00e9tablissements de sant\u00e9, Associations&#8230;<\/strong><\/p>\n\n\n\n<div style=\"height:20px\" aria-hidden=\"true\" class=\"wp-block-spacer\"><\/div>\n<\/div>\n\n\n\n<div class=\"wp-block-column is-vertically-aligned-top is-layout-flow wp-block-column-is-layout-flow\" style=\"flex-basis:50%\">\n<figure class=\"wp-block-image size-full is-style-default\"><img loading=\"lazy\" decoding=\"async\" width=\"600\" height=\"600\" src=\"https:\/\/alterdv.fr\/wp-content\/uploads\/2023\/03\/petite-fille-livre-sourire-1.jpg\" alt=\"\" class=\"wp-image-1510\"\nstyle=\"width:450px;height:450px\" srcset=\"https:\/\/alterdv.fr\/wp-content\/uploads\/2023\/03\/petite-fille-livre-sourire-1.jpg 600w, https:\/\/alterdv.fr\/wp-content\/uploads\/2023\/03\/petite-fille-livre-sourire-1-300x300.jpg 300w, https:\/\/alterdv.fr\/wp-content\/uploads\/2023\/03\/petite-fille-livre-sourire-1-150x150.jpg 150w\" sizes=\"auto, (max-width: 600px) 100vw, 600px\" \/><\/figure>\n\n\n\n<div style=\"height:20px\" aria-hidden=\"true\" class=\"wp-block-spacer\"><\/div>\n\n\n\n<h4 class=\"wp-block-heading has-text-align-center has-text-color\" style=\"color:#bb2649\">Adaptation caract\u00e8res agrandis, troubles dys, FALC<\/h4>\n\n\n\n<p class=\"has-text-align-center has-neve-text-color-color has-text-color\"><strong>Pour les adaptations en caract\u00e8res agrandis et troubles DYS, <strong>selon <\/strong>les besoins de chaque utilisateur, j&rsquo;agis sur diff\u00e9rents \u00e9l\u00e9ments de mise en forme tels que l\u2019apparence, la couleur, l&rsquo;espacement des lettres et lignes, le contraste ou encore la construction et la simplification des \u00e9l\u00e9ments. Cela afin d&rsquo;am\u00e9liorer consid\u00e9rablement la lisibilit\u00e9 et la rendre optimale.<\/strong><br><strong>Le language simplifi\u00e9 est une mani\u00e8re de communiquer qui rend les textes plus <strong>faciles \u00e0 comprendre<\/strong>, surtout pour les personnes qui ont des difficult\u00e9s de lecture, de compr\u00e9hension, ou qui apprennent une langue. Il est utilis\u00e9 pour <strong>rendre l\u2019information accessible \u00e0 tous<\/strong>.<br>Type de demandeurs: Idem que pour la transcription braille.<\/strong><\/p>\n\n\n\n<div style=\"height:20px\" aria-hidden=\"true\" class=\"wp-block-spacer\"><\/div>\n<\/div>\n<\/div>\n\n\n\n<div class=\"wp-block-columns are-vertically-aligned-center is-layout-flex wp-container-core-columns-is-layout-9d6595d7 wp-block-columns-is-layout-flex\">\n<div class=\"wp-block-column is-vertically-aligned-center is-layout-flow wp-block-column-is-layout-flow\" style=\"flex-basis:50%\"><div class=\"wp-block-image is-style-default\">\n<figure class=\"aligncenter size-full is-resized\"><img loading=\"lazy\" decoding=\"async\" width=\"600\" height=\"600\" src=\"https:\/\/alterdv.fr\/wp-content\/uploads\/2023\/03\/braille3-c.jpg\" alt=\"\" class=\"wp-image-693\" style=\"width:450px;height:450px\" srcset=\"https:\/\/alterdv.fr\/wp-content\/uploads\/2023\/03\/braille3-c.jpg 600w, https:\/\/alterdv.fr\/wp-content\/uploads\/2023\/03\/braille3-c-300x300.jpg 300w, https:\/\/alterdv.fr\/wp-content\/uploads\/2023\/03\/braille3-c-150x150.jpg 150w\" sizes=\"auto, (max-width: 600px) 100vw, 600px\" \/><\/figure><\/div>\n\n\n<div style=\"height:20px\" aria-hidden=\"true\" class=\"wp-block-spacer\"><\/div>\n\n\n\n<h4 class=\"wp-block-heading has-text-align-center has-text-color\" style=\"color:#bb2649\">Dessins En Relief<\/h4>\n\n\n\n<p class=\"has-text-align-center has-neve-text-color-color has-text-color\"><strong>Selon les situation et gr\u00e2ce aux techniques de thermogonflage, sur papier Dycem ou encore de vernis en relief, j&rsquo;adapte diff\u00e9rents types de documents, allant des sch\u00e9mas aux dessins, en passant par les graphiques, ou encore les cartes et les plans.<br>Type de demandeurs: Idem que pour la transcription braille.<\/strong><\/p>\n\n\n\n<div style=\"height:20px\" aria-hidden=\"true\" class=\"wp-block-spacer\"><\/div>\n<\/div>\n\n\n\n<div class=\"wp-block-column is-vertically-aligned-center is-layout-flow wp-block-column-is-layout-flow\" style=\"flex-basis:50%\"><div class=\"wp-block-image is-style-default\">\n<figure class=\"aligncenter size-full is-resized\"><img loading=\"lazy\" decoding=\"async\" width=\"600\" height=\"600\" src=\"https:\/\/alterdv.fr\/wp-content\/uploads\/2023\/03\/jeune-audio.jpg\" alt=\"\" class=\"wp-image-1544\" style=\"width:450px;height:450px\" srcset=\"https:\/\/alterdv.fr\/wp-content\/uploads\/2023\/03\/jeune-audio.jpg 600w, https:\/\/alterdv.fr\/wp-content\/uploads\/2023\/03\/jeune-audio-300x300.jpg 300w, https:\/\/alterdv.fr\/wp-content\/uploads\/2023\/03\/jeune-audio-150x150.jpg 150w\" sizes=\"auto, (max-width: 600px) 100vw, 600px\" \/><\/figure><\/div>\n\n\n<div style=\"height:20px\" aria-hidden=\"true\" class=\"wp-block-spacer\"><\/div>\n\n\n\n<h4 class=\"wp-block-heading has-text-align-center has-text-color\" style=\"color:#bb2649\"> Audio description<\/h4>\n\n\n\n<p class=\"has-nv-dark-bg-color has-text-color\"><strong>L&rsquo;audiodescription consiste \u00e0 d\u00e9crire les \u00e9l\u00e9ments visuels d&rsquo;une oeuvre pour donner les \u00e9l\u00e9ments essentiels \u00e0 la compr\u00e9hension de l&rsquo;oeuvre (d\u00e9cors, personnages, actions, gestuelle). L\u2019audiodescription rend ainsi un contenu accessible aux personnes aveugles ou malvoyantes.<br>Type de demandeurs : Idem que pour la transcription braille.<\/strong><\/p>\n\n\n\n<div style=\"height:20px\" aria-hidden=\"true\" class=\"wp-block-spacer\"><\/div>\n<\/div>\n<\/div>\n<\/div><\/div>\n\n\n\n<div class=\"wp-block-buttons is-layout-flex wp-block-buttons-is-layout-flex\">\n<div class=\"wp-block-button aligncenter is-style-primary\"><a class=\"wp-block-button__link wp-element-button\" href=\"https:\/\/alterdv.fr\/?page_id=1426\">EN SAVOIR PLUS<\/a><\/div>\n<\/div>\n\n\n\n<div style=\"height:40px\" aria-hidden=\"true\" class=\"wp-block-spacer\"><\/div>\n<\/div><\/div>\n\n\n\n<div style=\"height:100px\" aria-hidden=\"true\" class=\"wp-block-spacer\"><\/div>\n","protected":false},"excerpt":{"rendered":"","protected":false},"author":1,"featured_media":0,"parent":0,"menu_order":0,"comment_status":"closed","ping_status":"closed","template":"","meta":{"neve_meta_sidebar":"full-width","neve_meta_container":"","neve_meta_enable_content_width":"on","neve_meta_content_width":100,"neve_meta_title_alignment":"","neve_meta_author_avatar":"","neve_post_elements_order":"","neve_meta_disable_header":"","neve_meta_disable_footer":"","neve_meta_disable_title":"on","_themeisle_gutenberg_block_has_review":false,"footnotes":""},"class_list":["post-69","page","type-page","status-publish","hentry"],"_links":{"self":[{"href":"https:\/\/alterdv.fr\/index.php?rest_route=\/wp\/v2\/pages\/69","targetHints":{"allow":["GET"]}}],"collection":[{"href":"https:\/\/alterdv.fr\/index.php?rest_route=\/wp\/v2\/pages"}],"about":[{"href":"https:\/\/alterdv.fr\/index.php?rest_route=\/wp\/v2\/types\/page"}],"author":[{"embeddable":true,"href":"https:\/\/alterdv.fr\/index.php?rest_route=\/wp\/v2\/users\/1"}],"replies":[{"embeddable":true,"href":"https:\/\/alterdv.fr\/index.php?rest_route=%2Fwp%2Fv2%2Fcomments&post=69"}],"version-history":[{"count":103,"href":"https:\/\/alterdv.fr\/index.php?rest_route=\/wp\/v2\/pages\/69\/revisions"}],"predecessor-version":[{"id":1990,"href":"https:\/\/alterdv.fr\/index.php?rest_route=\/wp\/v2\/pages\/69\/revisions\/1990"}],"wp:attachment":[{"href":"https:\/\/alterdv.fr\/index.php?rest_route=%2Fwp%2Fv2%2Fmedia&parent=69"}],"curies":[{"name":"wp","href":"https:\/\/api.w.org\/{rel}","templated":true}]}}