{"id":987,"date":"2023-03-06T09:41:46","date_gmt":"2023-03-06T09:41:46","guid":{"rendered":"https:\/\/alterdv.fr\/?page_id=987"},"modified":"2024-07-04T11:41:02","modified_gmt":"2024-07-04T11:41:02","slug":"home","status":"publish","type":"page","link":"https:\/\/alterdv.fr\/","title":{"rendered":"Accueil"},"content":{"rendered":"\n<div class=\"wp-block-cover alignfull\" style=\"min-height:300px;aspect-ratio:unset;\"><span aria-hidden=\"true\" class=\"wp-block-cover__background has-nv-site-bg-background-color has-background-dim-100 has-background-dim\"><\/span><img loading=\"lazy\" decoding=\"async\" width=\"901\" height=\"563\" class=\"wp-block-cover__image-background wp-image-505\" alt=\"\" src=\"https:\/\/alterdv.fr\/wp-content\/uploads\/2023\/02\/alterdv_logo_seul-final-edited.png\" style=\"object-position:47% 47%\" data-object-fit=\"cover\" data-object-position=\"47% 47%\" srcset=\"https:\/\/alterdv.fr\/wp-content\/uploads\/2023\/02\/alterdv_logo_seul-final-edited.png 901w, https:\/\/alterdv.fr\/wp-content\/uploads\/2023\/02\/alterdv_logo_seul-final-edited-300x187.png 300w, https:\/\/alterdv.fr\/wp-content\/uploads\/2023\/02\/alterdv_logo_seul-final-edited-768x480.png 768w\" sizes=\"auto, (max-width: 901px) 100vw, 901px\" \/><div class=\"wp-block-cover__inner-container is-layout-flow wp-block-cover-is-layout-flow\">\n<div style=\"height:40px\" aria-hidden=\"true\" class=\"wp-block-spacer\"><\/div>\n\n\n\n<h1 class=\"wp-block-heading has-text-align-center has-nv-dark-bg-color has-text-color\">TRANSCRIPTION \/ ADAPTATION<br>DE DOCUMENTS<br>pour les personnes emp\u00each\u00e9es de lire<\/h1>\n<\/div><\/div>\n\n\n\n<div class=\"wp-block-cover alignfull\" style=\"min-height:158px;aspect-ratio:unset;\"><span aria-hidden=\"true\" class=\"wp-block-cover__background has-background-dim-100 has-background-dim\" style=\"background-color:#bb2649\"><\/span><img loading=\"lazy\" decoding=\"async\" width=\"901\" height=\"563\" class=\"wp-block-cover__image-background wp-image-505\" alt=\"\" src=\"https:\/\/alterdv.fr\/wp-content\/uploads\/2023\/02\/alterdv_logo_seul-final-edited.png\" style=\"object-position:47% 47%\" data-object-fit=\"cover\" data-object-position=\"47% 47%\" srcset=\"https:\/\/alterdv.fr\/wp-content\/uploads\/2023\/02\/alterdv_logo_seul-final-edited.png 901w, https:\/\/alterdv.fr\/wp-content\/uploads\/2023\/02\/alterdv_logo_seul-final-edited-300x187.png 300w, https:\/\/alterdv.fr\/wp-content\/uploads\/2023\/02\/alterdv_logo_seul-final-edited-768x480.png 768w\" sizes=\"auto, (max-width: 901px) 100vw, 901px\" \/><div class=\"wp-block-cover__inner-container is-layout-flow wp-block-cover-is-layout-flow\">\n<div style=\"height:50px\" aria-hidden=\"true\" class=\"wp-block-spacer\"><\/div>\n\n\n\n<h4 class=\"wp-block-heading has-text-align-center has-nv-site-bg-color has-text-color\" style=\"text-transform:capitalize\">Braille\/Gros Caract\u00e8res, Dessin En Relief, Audio, FALC<br>des contenus 100% personnalis\u00e9s pour une lecture facilit\u00e9e<\/h4>\n\n\n\n<div class=\"wp-block-buttons is-horizontal is-content-justification-center is-layout-flex wp-container-core-buttons-is-layout-499968f5 wp-block-buttons-is-layout-flex\">\n<div class=\"wp-block-button is-style-default\"><a class=\"wp-block-button__link has-nv-site-bg-color has-text-color has-background wp-element-button\" href=\"https:\/\/alterdv.fr\/?page_id=69\" style=\"background-color:#f4a127\">EN SAVOIR PLUS<\/a><\/div>\n<\/div>\n\n\n\n<div style=\"height:40px\" aria-hidden=\"true\" class=\"wp-block-spacer\"><\/div>\n<\/div><\/div>\n\n\n\n<div style=\"height:41px\" aria-hidden=\"true\" class=\"wp-block-spacer\"><\/div>\n\n\n\n\n\n<div style=\"height:41px\" aria-hidden=\"true\" class=\"wp-block-spacer\"><\/div>\n\n\n\n<div class=\"wp-block-cover alignfull\" style=\"min-height:50px;aspect-ratio:unset;\"><span aria-hidden=\"true\" class=\"wp-block-cover__background has-nv-site-bg-background-color has-background-dim-100 has-background-dim\"><\/span><img loading=\"lazy\" decoding=\"async\" width=\"901\" height=\"563\" class=\"wp-block-cover__image-background wp-image-505\" alt=\"\" src=\"https:\/\/alterdv.fr\/wp-content\/uploads\/2023\/02\/alterdv_logo_seul-final-edited.png\" style=\"object-position:47% 47%\" data-object-fit=\"cover\" data-object-position=\"47% 47%\" srcset=\"https:\/\/alterdv.fr\/wp-content\/uploads\/2023\/02\/alterdv_logo_seul-final-edited.png 901w, https:\/\/alterdv.fr\/wp-content\/uploads\/2023\/02\/alterdv_logo_seul-final-edited-300x187.png 300w, https:\/\/alterdv.fr\/wp-content\/uploads\/2023\/02\/alterdv_logo_seul-final-edited-768x480.png 768w\" sizes=\"auto, (max-width: 901px) 100vw, 901px\" \/><div class=\"wp-block-cover__inner-container is-layout-flow wp-block-cover-is-layout-flow\">\n<h4 class=\"wp-block-heading has-text-align-center has-text-color\" style=\"color:#7c7c7c\">Parce que l&rsquo;inclusion commence par l&rsquo;accESSIBILIT\u00c9 \u00e0 l&rsquo;information<\/h4>\n<\/div><\/div>\n\n\n\n<div style=\"height:50px\" aria-hidden=\"true\" class=\"wp-block-spacer\"><\/div>\n\n\n\n<div class=\"wp-block-columns is-layout-flex wp-container-core-columns-is-layout-9d6595d7 wp-block-columns-is-layout-flex\">\n<div class=\"wp-block-column is-layout-flow wp-block-column-is-layout-flow\">\n<div id=\"wp-block-themeisle-blocks-font-awesome-icons-785fd832\" class=\"wp-block-themeisle-blocks-font-awesome-icons\"><span class=\"wp-block-themeisle-blocks-font-awesome-icons-container\"><i class=\"fas fa-arrow-circle-up\"><\/i><\/span><\/div>\n\n\n\n<h3 class=\"wp-block-heading has-text-align-center has-text-color\" style=\"color:#f5a523\">Lisibilit\u00e9<\/h3>\n\n\n\n<p class=\"has-text-align-center\"><strong>Un vrai travail de concertation et d&rsquo;explication avant de me lancer dans une collaboration<\/strong><\/p>\n\n\n\n<div style=\"height:20px\" aria-hidden=\"true\" class=\"wp-block-spacer\"><\/div>\n<\/div>\n\n\n\n<div class=\"wp-block-column is-layout-flow wp-block-column-is-layout-flow\">\n<div id=\"wp-block-themeisle-blocks-font-awesome-icons-63a0db30\" class=\"wp-block-themeisle-blocks-font-awesome-icons\"><span class=\"wp-block-themeisle-blocks-font-awesome-icons-container\"><i class=\"fas fa-door-open\"><\/i><\/span><\/div>\n\n\n\n<h3 class=\"wp-block-heading has-text-align-center has-text-color\" style=\"color:#f5a523\">Diversit\u00e9<\/h3>\n\n\n\n<p class=\"has-text-align-center\"><strong>Un tr\u00e8s large \u00e9ventail de possibilit\u00e9s (en num\u00e9rique ou en papier)<\/strong><\/p>\n\n\n\n<div style=\"height:20px\" aria-hidden=\"true\" class=\"wp-block-spacer\"><\/div>\n<\/div>\n\n\n\n<div class=\"wp-block-column is-layout-flow wp-block-column-is-layout-flow\">\n<div id=\"wp-block-themeisle-blocks-font-awesome-icons-018e11c2\" class=\"wp-block-themeisle-blocks-font-awesome-icons\"><span class=\"wp-block-themeisle-blocks-font-awesome-icons-container\"><i class=\"fas fa-power-off\"><\/i><\/span><\/div>\n\n\n\n<h3 class=\"wp-block-heading has-text-align-center has-text-color\" style=\"color:#f5a523\">efficacit\u00e9<\/h3>\n\n\n\n<p class=\"has-text-align-center\"><strong>Une adaptation \u00e0 vos d\u00e9lais, en fonction de ce  que vous souhaitez<\/strong><\/p>\n\n\n\n<div style=\"height:20px\" aria-hidden=\"true\" class=\"wp-block-spacer\"><\/div>\n<\/div>\n<\/div>\n\n\n\n<div aria-hidden=\"true\" class=\"wp-block-spacer\"><\/div>\n\n\n\n<div class=\"wp-block-cover alignfull\" style=\"min-height:450px;aspect-ratio:unset;\"><span aria-hidden=\"true\" class=\"wp-block-cover__background has-nv-light-bg-background-color has-background-dim-100 has-background-dim\"><\/span><div class=\"wp-block-cover__inner-container is-layout-flow wp-block-cover-is-layout-flow\">\n<div class=\"wp-block-group\"><div class=\"wp-block-group__inner-container is-layout-flow wp-block-group-is-layout-flow\">\n<div style=\"height:50px\" aria-hidden=\"true\" class=\"wp-block-spacer\"><\/div>\n\n\n\n<div class=\"wp-block-columns are-vertically-aligned-center is-layout-flex wp-container-core-columns-is-layout-9d6595d7 wp-block-columns-is-layout-flex\">\n<div class=\"wp-block-column is-vertically-aligned-center is-layout-flow wp-block-column-is-layout-flow\" style=\"flex-basis:50%\">\n<h3 class=\"wp-block-heading has-text-align-left has-neve-text-color-color has-text-color\">Temps de r\u00e9ponse record<\/h3>\n\n\n\n<p class=\"has-text-align-left has-neve-text-color-color has-text-color\"><strong>Si le temps de r\u00e9ponse est un crit\u00e8re fondamental pour vous, soyez assurez qu&rsquo;en travaillant ensemble vous obtiendrez toujours satisfaction.<\/strong><\/p>\n\n\n\n<h3 class=\"wp-block-heading has-text-align-left has-neve-text-color-color has-text-color\">Un travail de qualit\u00e9<\/h3>\n\n\n\n<p class=\"has-text-align-left has-neve-text-color-color has-text-color\"><strong>Tenue des d\u00e9lais impartis, devis clairs et transparents avec des prix justes et attractifs, communication active et fluide de la prise en compte de la demande au document final, des transcriptions et adaptations personnalis\u00e9es en fonction de vos attentes, et surtout, oui surtout, toujours tr\u00e8s soucieux du travail rendu.<\/strong><\/p>\n\n\n\n<h3 class=\"wp-block-heading has-text-align-left has-neve-text-color-color has-text-color\">Anim\u00e9 par des valeurs<\/h3>\n\n\n\n<p class=\"has-text-align-left has-neve-text-color-color has-text-color\"><strong>Pouvoir r\u00e9pondre au besoin particulier de chacun. Travail en mode 100% personnalis\u00e9 ! Chaque document est adapt\u00e9 en fonction des besoins de l&rsquo;utilisateur, du support qu&rsquo;il utilise et du mat\u00e9riel qu\u2019il poss\u00e8de pour le lire, \u00e0 l\u2019oppos\u00e9 des pratiques d&rsquo;automatisation&nbsp;qui ont cours dans le secteur de la transcription.<\/strong><\/p>\n<\/div>\n\n\n\n<div class=\"wp-block-column is-vertically-aligned-center is-layout-flow wp-block-column-is-layout-flow\" style=\"flex-basis:50%\">\n<figure class=\"wp-block-image size-full\"><img loading=\"lazy\" decoding=\"async\" width=\"600\" height=\"600\" src=\"https:\/\/alterdv.fr\/wp-content\/uploads\/2023\/03\/garcon-maman-ordinateur.jpg\" alt=\"\" class=\"wp-image-1508\" srcset=\"https:\/\/alterdv.fr\/wp-content\/uploads\/2023\/03\/garcon-maman-ordinateur.jpg 600w, https:\/\/alterdv.fr\/wp-content\/uploads\/2023\/03\/garcon-maman-ordinateur-300x300.jpg 300w, https:\/\/alterdv.fr\/wp-content\/uploads\/2023\/03\/garcon-maman-ordinateur-150x150.jpg 150w\" sizes=\"auto, (max-width: 600px) 100vw, 600px\" \/><\/figure>\n<\/div>\n<\/div>\n\n\n\n<div style=\"height:40px\" aria-hidden=\"true\" class=\"wp-block-spacer\"><\/div>\n<\/div><\/div>\n<\/div><\/div>\n\n\n\n<div class=\"wp-block-cover alignfull is-light\" style=\"min-height:420px;aspect-ratio:unset;\"><span aria-hidden=\"true\" class=\"wp-block-cover__background has-background-dim-100 has-background-dim\" style=\"background-color:#959597\"><\/span><div class=\"wp-block-cover__inner-container is-layout-flow wp-block-cover-is-layout-flow\">\n<div style=\"height:50px\" aria-hidden=\"true\" class=\"wp-block-spacer\"><\/div>\n\n\n\n<div class=\"wp-block-columns is-layout-flex wp-container-core-columns-is-layout-9d6595d7 wp-block-columns-is-layout-flex\">\n<div class=\"wp-block-column ticss-4ce656f1 is-layout-flow wp-block-column-is-layout-flow\">\n<figure class=\"wp-block-image size-large is-style-rounded\"><img decoding=\"async\" src=\"https:\/\/www\" alt=\"\"\/><\/figure>\n\n\n\n<p class=\"has-text-align-left has-nv-site-bg-color has-text-color\"><strong>\u201c\u00c0 quoi \u00e7a sert d&rsquo;adapter un document si vous n&rsquo;essayez pas comprendre les besoins de celui qui l&rsquo;utilisera ?\u201d<\/strong><\/p>\n\n\n\n<p class=\"has-nv-site-bg-color has-text-color\"><strong>YANN ROUGIS (FONDATEUR D&rsquo;ALTERDV)<\/strong><\/p>\n\n\n\n<div style=\"height:20px\" aria-hidden=\"true\" class=\"wp-block-spacer\"><\/div>\n<\/div>\n\n\n\n<div class=\"wp-block-column ticss-f6fc7494 is-layout-flow wp-block-column-is-layout-flow\">\n<figure class=\"wp-block-image size-large is-style-rounded\"><img decoding=\"async\" src=\"https:\/\/www\" alt=\"\"\/><\/figure>\n\n\n\n<p class=\"has-nv-site-bg-color has-text-color\"><strong>\u201cR\u00e9el professionnel : du s\u00e9rieux, de la r\u00e9activit\u00e9. Tout est parfaitement lisble pour moi maintenant gr\u00e2ce au travail de transcription men\u00e9e.<br>Je conseille fortement !\u201d<\/strong><\/p>\n\n\n\n<p class=\"has-nv-site-bg-color has-text-color\"><strong>PARTICULIER <\/strong><\/p>\n\n\n\n<div style=\"height:20px\" aria-hidden=\"true\" class=\"wp-block-spacer\"><\/div>\n<\/div>\n\n\n\n<div class=\"wp-block-column ticss-a5b4df29 is-layout-flow wp-block-column-is-layout-flow\">\n<figure class=\"wp-block-image size-large is-style-rounded\"><img decoding=\"async\" src=\"https:\/\/www\" alt=\"\"\/><\/figure>\n\n\n\n<p class=\"has-text-align-left has-nv-site-bg-color has-text-color\"><strong>\u201dLe contenu du prof en powerpoint \u00e9tait compl\u00e8tement inaccessible pour moi. Gr\u00e2ce \u00e0 Yann, j&rsquo;ai pu assimiler et suivre le cours comme les autres.\u201d<\/strong><\/p>\n\n\n\n<p class=\"has-nv-site-bg-color has-text-color\"><strong>CARLA (\u00c9TUDIANTE EN BUT AGRONOMIE )<\/strong><\/p>\n\n\n\n<div style=\"height:20px\" aria-hidden=\"true\" class=\"wp-block-spacer\"><\/div>\n<\/div>\n<\/div>\n\n\n\n<div style=\"height:40px\" aria-hidden=\"true\" class=\"wp-block-spacer\"><\/div>\n<\/div><\/div>\n\n\n\n<div class=\"wp-block-cover alignfull\" style=\"min-height:300px;aspect-ratio:unset;\"><span aria-hidden=\"true\" class=\"wp-block-cover__background has-nv-site-bg-background-color has-background-dim-100 has-background-dim\"><\/span><div class=\"wp-block-cover__inner-container is-layout-flow wp-block-cover-is-layout-flow\">\n<div style=\"height:50px\" aria-hidden=\"true\" class=\"wp-block-spacer\"><\/div>\n\n\n\n<h2 class=\"wp-block-heading has-text-align-center has-nv-dark-bg-color has-text-color\">Travaillons ensemble sur votre prochain projet<\/h2>\n\n\n\n<p class=\"has-text-align-center has-nv-dark-bg-color has-text-color\">N&rsquo;h\u00e9sitez pas \u00e0 me contacter pour toutes vos demandes de transcription-adaptation,<br>je vous apporterai un retour clair et pr\u00e9cis.<\/p>\n\n\n\n<div class=\"wp-block-buttons is-horizontal is-content-justification-center is-layout-flex wp-container-core-buttons-is-layout-499968f5 wp-block-buttons-is-layout-flex\">\n<div class=\"wp-block-button is-style-default\"><a class=\"wp-block-button__link has-nv-site-bg-color has-text-color has-background wp-element-button\" href=\"https:\/\/alterdv.fr\/wp-admin\/post.php?post=75&amp;action=edit\" style=\"background-color:#f5a523\">CONTACTEZ MOI<\/a><\/div>\n<\/div>\n\n\n\n<div style=\"height:40px\" aria-hidden=\"true\" class=\"wp-block-spacer\"><\/div>\n<\/div><\/div>\n","protected":false},"excerpt":{"rendered":"<p>Lisibilit\u00e9 Un vrai travail de concertation et d&rsquo;explication avant de me lancer dans une collaboration Diversit\u00e9 Un tr\u00e8s large \u00e9ventail de possibilit\u00e9s (en num\u00e9rique ou en papier) efficacit\u00e9 Une adaptation \u00e0 vos d\u00e9lais, en fonction de ce que vous souhaitez<\/p>\n","protected":false},"author":1,"featured_media":0,"parent":0,"menu_order":0,"comment_status":"closed","ping_status":"closed","template":"","meta":{"neve_meta_sidebar":"default","neve_meta_container":"contained","neve_meta_enable_content_width":"on","neve_meta_content_width":100,"neve_meta_title_alignment":"","neve_meta_author_avatar":"","neve_post_elements_order":"","neve_meta_disable_header":"","neve_meta_disable_footer":"","neve_meta_disable_title":"on","_themeisle_gutenberg_block_has_review":false,"footnotes":""},"class_list":["post-987","page","type-page","status-publish","hentry"],"_links":{"self":[{"href":"https:\/\/alterdv.fr\/index.php?rest_route=\/wp\/v2\/pages\/987","targetHints":{"allow":["GET"]}}],"collection":[{"href":"https:\/\/alterdv.fr\/index.php?rest_route=\/wp\/v2\/pages"}],"about":[{"href":"https:\/\/alterdv.fr\/index.php?rest_route=\/wp\/v2\/types\/page"}],"author":[{"embeddable":true,"href":"https:\/\/alterdv.fr\/index.php?rest_route=\/wp\/v2\/users\/1"}],"replies":[{"embeddable":true,"href":"https:\/\/alterdv.fr\/index.php?rest_route=%2Fwp%2Fv2%2Fcomments&post=987"}],"version-history":[{"count":98,"href":"https:\/\/alterdv.fr\/index.php?rest_route=\/wp\/v2\/pages\/987\/revisions"}],"predecessor-version":[{"id":1956,"href":"https:\/\/alterdv.fr\/index.php?rest_route=\/wp\/v2\/pages\/987\/revisions\/1956"}],"wp:attachment":[{"href":"https:\/\/alterdv.fr\/index.php?rest_route=%2Fwp%2Fv2%2Fmedia&parent=987"}],"curies":[{"name":"wp","href":"https:\/\/api.w.org\/{rel}","templated":true}]}}